uppose -14*x - 2433 = -29355. What is the hundreds digit of x?
9
Suppose -5*k - 12 = -8*k. Suppose -2*j + 20 = k*f - 0*j, 0 = 5*f + 2*j - 26. What is the units digit of f/(-27) - (-182)/9?
0
Let g(i) = -i**3 + 5*i**2 + 3. Let u be g(5). Suppose -5*o + 7 = -u. Suppose -2*k - 10 = 0, 3*y + o*y = -3*k. What is the units digit of y?
3
Let p be 0 - (10/(-4))/(8/(-16)). Let i be -1*(-3)/6*-2. What is the units digit of 64*(4 + p)/i?
4
What is the tens digit of (-9225)/(-23) - 8/92?
0
Let g be -3 + (-10)/(-2 - -3). Let y be 2/(-8) - g/4. What is the units digit of 9 + (y - 0) + -3?
9
Let p = 8 + -15. Let d = 22 + p. Suppose -r + 5 = -d. What is the units digit of r?
0
Suppose -r + 18 = 3*k, -3*r - 4*k = -33 - 1. Let u be 43/5 + r/(-10). What is the tens digit of (-124)/u*(-4)/2?
3
Let d be (6/(-9))/((-2)/12). Suppose -o - d = 4. Let z = o - -27. What is the tens digit of z?
1
Let v = 130 + -126. Suppose -3*q = -v*o - 8*q + 846, 3*q - 422 = -2*o. What is the tens digit of o?
1
What is the units digit of ((-20344)/24)/(1/(-3)) + -6?
7
Let n(a) = a**2 + 2*a - 18. Let i be n(-6). Suppose -3*g = i, 2*s = 4*s - 3*g - 46. Suppose 3*t - s = 19. What is the units digit of t?
3
Let b = 509 + -33. What is the units digit of b?
6
Let t = 2170 - 1852. What is the tens digit of t?
1
Suppose o = 3*f + 968, -9*o - 5*f + 4840 = -4*o. What is the hundreds digit of o?
9
Let v(s) = s**3 + 12*s**2 + 10*s - 4. Let o be 22*(-5)/30*3. What is the units digit of v(o)?
7
Let p = 2701 - 1193. What is the units digit of p?
8
Let y(u) = u**3 - 3*u**2 + 2*u - 3. Let n be y(3). Suppose 301 = n*a - 4*l, -a + 3*l + 107 = -0*l. What is the units digit of a?
5
Let h(i) = 115*i**2 + 3*i. What is the units digit of h(-2)?
4
Let q = -58 - -62. Suppose 375 = q*d + d. What is the units digit of d?
5
Suppose 3*d - 66 = 6. What is the units digit of d?
4
Suppose 3*p + n = -4*n - 4, 0 = -n - 2. Suppose 68 = 3*r - p*r. What is the tens digit of r?
6
Let f = -464 + 2221. What is the units digit of f?
7
What is the thousands digit of -5 - (10/5 + (-3229 - 0))?
3
Suppose q - 3*j + 32 = -3*q, -15 = -q - 5*j. Let m = 18 + q. What is the tens digit of (m/5 + -3)*-55?
2
What is the units digit of (8577/(-3))/(-3) + 6?
9
Let k be ((-594)/(-12))/((-2)/(-4)). Let z = -44 + k. What is the units digit of z?
5
Suppose 984 = 3*m + z - 427, -4*m - z + 1880 = 0. What is the tens digit of m?
6
Let u be 9/21 - 50/(-14). Suppose -u*y = 2*g - 208, 3*y = 4*g + g - 455. What is the tens digit of g?
9
Let s(h) be the second derivative of -1/2*h**2 + 2*h + 0 - 1/6*h**3. What is the units digit of s(-10)?
9
Suppose -4*v - 32 = 2*n + 2*n, n = 3*v + 4. Let a(x) = -2*x**3 - 6*x**2 - 4*x - 2. What is the units digit of a(n)?
8
Let r = -80 + 916. What is the tens digit of r?
3
Suppose d - 1 + 4 = 0. Let a(s) = s**3 + 3*s**2 - s + 2. What is the units digit of a(d)?
5
Suppose 10 = -5*k, 156 + 160 = -4*o + 4*k. What is the tens digit of 3/(o/(-2532)) - (-6)/27?
9
What is the thousands digit of (-2114)/(-1) + 0 + 5?
2
Let j(l) = l**2 + 8*l - 6. Let s be j(5). Suppose 0 = -2*u + 53 + s. What is the tens digit of u?
5
What is the hundreds digit of (-1 - -172) + 1 - (-325 + 332)?
1
Suppose -3*c + 442 = 4*y, 3*y + 0*y - 444 = -3*c. What is the hundreds digit of c?
1
Suppose -5*v + 41 = -0*v - x, 0 = v + 2*x - 6. Suppose -o - v = -11. Suppose -3*a + 18 = 3*b, -o*a = 2*b - 6*a - 12. What is the units digit of b?
6
Suppose 2*s - 5620 = -5*q, 2*q + 3*q + 4*s - 5620 = 0. What is the tens digit of q?
2
What is the hundreds digit of 4/((-8)/(-1510)) + -7?
7
Let t(b) = b**3 + 14*b**2 + 3*b + 22. Suppose 11*y - 26 + 169 = 0. What is the tens digit of t(y)?
5
Let f = 194 + -153. Let b(g) = g - 1. Let v be b(3). Suppose f = 3*z - v*z. What is the tens digit of z?
4
Suppose -2*j - 15 = -5*j. Let a(v) be the third derivative of v**4/8 - v**3/3 - 8*v**2. What is the units digit of a(j)?
3
Suppose 0*n = 3*n - 45. Let f = n + -13. Suppose k - f*k = -32. What is the tens digit of k?
3
Let w be ((-2)/2 + -2)*(-260)/6. Suppose -7*k + 2*k = -w. What is the tens digit of k?
2
Let k = 59 - 82. What is the units digit of (-5 + 1)/(-2) - (k + 0)?
5
Let z(g) = 32 - 146 + g - 6*g**3 + 7*g**3 - g**2. Let a be z(0). What is the units digit of a/(-30) - (-1)/5?
4
Let y(t) = t**3 + 15*t**2 - 2*t - 26. What is the units digit of y(-15)?
4
What is the units digit of 10470/6 - (1 + 2 - -2)?
0
Suppose -1647 = -11*r - 338. What is the units digit of r?
9
Let v = -37 - -40. What is the tens digit of 253/v - (-24)/36?
8
Let g(w) = -w - 13. Let a be g(-16). Suppose 4*d + 107 = 5*k + a*d, 85 = 4*k - d. What is the units digit of k?
2
Suppose -6 = -q - 0. Suppose 5*f + q = -3*o + 5*o, 0 = -2*f. Suppose -i + 65 = 3*m, 0*m + o*m - 4*i = 55. What is the units digit of m?
1
Let o(q) = q**3 - q - 1. Let b be o(-1). Let w be (b + 5)*(-82)/4. What is the units digit of ((-9)/(-18))/((-1)/w)?
1
Let v(w) = -85*w - 38. What is the hundreds digit of v(-5)?
3
Suppose 4*k - 55 = 161. Let c = 274 - 241. Let n = k - c. What is the tens digit of n?
2
Suppose -302*o = -299*o + 24. Let i(f) = -6*f**3 - 3*f**2 - f - 10. Let x(p) = -p**3 + p**2 - p - 1. Let u(l) = -i(l) + 5*x(l). What is the tens digit of u(o)?
3
Let c(l) = 7*l + 4. Let y(t) = 6*t + 3. Let a(q) = -5*c(q) + 6*y(q). What is the units digit of a(10)?
8
Let s be -26 - -22 - (1 - 52). Suppose 4*c + 4*t = -t - 51, -5*c = 3*t + 54. Let n = s + c. What is the tens digit of n?
3
Suppose -5*p - 209 = -a - 15, -3*a + 4*p + 604 = 0. What is the hundreds digit of a?
2
Let v be 9/(-12) - (-21)/28. Suppose v = 4*r + t - 23 + 1, r - 4*t = -3. Suppose -2*d + 195 = r*f - 0*f, 0 = -4*f - d + 159. What is the units digit of f?
1
Let u(t) = -2*t**3 - 4*t**2 - 2*t + 1. Let o be u(-2). Suppose -2*n + 11 = o*j - 31, -n + 21 = -5*j. Suppose 3 = -l + n. What is the units digit of l?
8
Let c(w) be the first derivative of -11*w**2/2 - w - 4. What is the units digit of c(-7)?
6
Suppose -5*i = -5*v + 5, -2*i + 4 + 9 = 3*v. Suppose v*d = -0*d + 30. Let f(g) = -g**3 + 11*g**2 - 6*g - 11. What is the tens digit of f(d)?
2
Let w(c) = -444*c**3 - 2*c**2 - 2*c + 1. What is the tens digit of w(-1)?
4
Let y(a) = 148*a**2 + 3. What is the hundreds digit of y(-2)?
5
Let a be (-30)/(-12)*(-1)/(5/(-436)). Suppose 12*y - 14*y = -a. What is the tens digit of y?
0
What is the tens digit of (112/120)/(-7) + (-5644)/(-30)?
8
Let n = 95 + -151. Let b = -33 - n. Suppose 5*t - 43 = -2*a, 0*t - t = a - b. What is the units digit of a?
4
Let z = 55 - 27. Suppose 0 = 5*u - 7 - z. What is the units digit of u?
7
Let n(r) be the third derivative of r**5/60 - 7*r**4/24 + 4*r**3/3 + 5*r**2. Let i be n(7). Suppose -4*m + 28 = -i. What is the units digit of m?
9
Suppose 2*t - 440 = -3*t. Suppose -z - 4*q = -16, -13 = -q - 10. Suppose 66 = 3*b + a + 8, 0 = -z*b - 4*a + t. What is the units digit of b?
8
What is the hundreds digit of 325 + (-2 + 2)/(5 + -3)?
3
Let v be (3 - -41)/(5 - 3). Suppose 180 = 2*k + v. Let a = k - 54. What is the units digit of a?
5
Suppose -36632 = -39*c + 25339. What is the units digit of c?
9
Suppose -2*y - 398 = -3274. What is the thousands digit of y?
1
Let k(y) = -7 + 3*y - 7 - 3*y**2 + 7*y**2. Let t be k(7). Suppose 73 = -5*c + t. What is the units digit of c?
6
Let a = -4409 + 7412. What is the hundreds digit of a?
0
Let u(q) = 25*q + 89. What is the hundreds digit of u(35)?
9
Suppose -23*i = 16*i - 54912. What is the tens digit of i?
0
Let z be -48*(-10)/((-160)/(-24)). Let b be (-2)/(-5) + 1066/10. Let g = b - z. What is the units digit of g?
5
Let k(m) = -27*m - 16. Let y(t) = 80*t + 48. Let h(i) = -11*k(i) - 4*y(i). What is the units digit of h(-4)?
6
Suppose 2*q = -2*q. Suppose -m + q = -2*i - 1, -m + 2 = -i. Suppose -w = m*w + 8, -x + 3*w + 28 = 0. What is the units digit of x?
2
Suppose 2*n - 10 = -3*n. Let m be ((-38)/n)/(4/(-4)). Suppose 38 = 2*i - 4*q, -4*i + q + m = -36. What is the units digit of i?
3
Let m = 575 + -312. What is the hundreds digit of m?
2
Let f = -18 - -24. Suppose 5*g = -3*k + f*k - 438, 0 = -5*g - 2*k - 433. Let h = 123 + g. What is the tens digit of h?
3
Suppose 4*o - 6 = 2*b + 2, -2*o = -8. What is the tens digit of (-6)/b + 645/6?
0
Let q(f) be the third derivative of -7*f**6/12 + f**4/24 + f**3/6 + 7*f**2. Wha